ds digit of 4544735?
4
What is the hundred thousands digit of 281851?
2
What is the hundreds digit of 10447763?
7
What is the thousands digit of 33802330?
2
What is the ten thousands digit of 12825061?
2
What is the ten thousands digit of 96191?
9
What is the thousands digit of 800052?
0
What is the hundred thousands digit of 2261792?
2
What is the hundreds digit of 3961315?
3
What is the units digit of 83854?
4
What is the ten thousands digit of 39999723?
9
What is the tens digit of 337872?
7
What is the ten thousands digit of 929242?
2
What is the units digit of 301582?
2
What is the units digit of 2922?
2
What is the ten thousands digit of 237429?
3
What is the hundreds digit of 10250731?
7
What is the ten thousands digit of 169766?
6
What is the thousands digit of 2688456?
8
What is the ten thousands digit of 330582?
3
What is the hundred thousands digit of 13351737?
3
What is the tens digit of 279060?
6
What is the hundreds digit of 8409744?
7
What is the ten thousands digit of 10461101?
6
What is the hundred thousands digit of 1456934?
4
What is the tens digit of 5332585?
8
What is the units digit of 586056?
6
What is the hundred thousands digit of 460915?
4
What is the hundreds digit of 1519950?
9
What is the thousands digit of 5022363?
2
What is the hundreds digit of 734935?
9
What is the tens digit of 315079?
7
What is the thousands digit of 2580539?
0
What is the units digit of 303437?
7
What is the hundreds digit of 1820317?
3
What is the hundred thousands digit of 31299826?
2
What is the tens digit of 252838?
3
What is the ten thousands digit of 5579907?
7
What is the tens digit of 247519?
1
What is the tens digit of 245332?
3
What is the hundred thousands digit of 28455684?
4
What is the hundred thousands digit of 3275598?
2
What is the tens digit of 227984?
8
What is the hundreds digit of 2817042?
0
What is the hundreds digit of 1105453?
4
What is the thousands digit of 103147?
3
What is the hundreds digit of 22274?
2
What is the hundred thousands digit of 916977?
9
What is the hundreds digit of 4679980?
9
What is the units digit of 5393920?
0
What is the millions digit of 35624075?
5
What is the millions digit of 6159265?
6
What is the tens digit of 96486?
8
What is the hundreds digit of 115166?
1
What is the tens digit of 449238?
3
What is the ten thousands digit of 161634?
6
What is the hundreds digit of 5643011?
0
What is the thousands digit of 1364293?
4
What is the tens digit of 113507?
0
What is the ten thousands digit of 840072?
4
What is the hundred thousands digit of 13016891?
0
What is the ten thousands digit of 769393?
6
What is the tens digit of 122334?
3
What is the ten thousands digit of 35952?
3
What is the units digit of 3066221?
1
What is the units digit of 2249166?
6
What is the tens digit of 22375983?
8
What is the hundred thousands digit of 1287321?
2
What is the thousands digit of 943368?
3
What is the ten thousands digit of 243780?
4
What is the hundreds digit of 5874127?
1
What is the tens digit of 371701?
0
What is the thousands digit of 8263308?
3
What is the millions digit of 1976618?
1
What is the units digit of 620634?
4
What is the thousands digit of 4604524?
4
What is the ten thousands digit of 143548?
4
What is the millions digit of 1910590?
1
What is the units digit of 1133344?
4
What is the ten thousands digit of 5799473?
9
What is the hundred thousands digit of 19041550?
0
What is the ten thousands digit of 210950?
1
What is the thousands digit of 28523940?
3
What is the hundred thousands digit of 2129044?
1
What is the hundred thousands digit of 2695314?
6
What is the hundred thousands digit of 1252896?
2
What is the hundred thousands digit of 4838895?
8
What is the hundred thousands digit of 6918758?
9
What is the units digit of 636067?
7
What is the hundred thousands digit of 373173?
3
What is the hundreds digit of 33134247?
2
What is the units digit of 10577006?
6
What is the thousands digit of 2182256?
2
What is the tens digit of 89625?
2
What is the millions digit of 10673603?
0
What is the hundreds digit of 5775556?
5
What is the units digit of 260639?
9
What is the units digit of 1780950?
0
What is the units digit of 43386?
6
What is the millions digit of 4575183?
4
What is the thousands digit of 22993?
2
What is the hundreds digit of 2551892?
8
What is the tens digit of 817625?
2
What is the thousands digit of 2677895?
7
What is the ten thousands digit of 213018?
1
What is the millions digit of 14946728?
4
What is the tens digit of 2079573?
7
What is the tens digit of 18569052?
5
What is the ten thousands digit of 655564?
5
What is the tens digit of 1253886?
8
What is the thousands digit of 17183282?
3
What is the units digit of 1958454?
4
What is the thousands digit of 1488918?
8
What is the ten thousands digit of 55666?
5
What is the thousands digit of 1734909?
4
What is the hundred thousands digit of 558023?
5
What is the tens digit of 10455?
5
What is the hundred thousands digit of 12414683?
4
What is the hundred thousands digit of 176259?
1
What is the millions digit of 1899233?
1
What is the hundred thousands digit of 1557884?
5
What is the hundred thousands digit of 6697511?
6
What is the tens digit of 189733?
3
What is the units digit of 353923?
3
What is the units digit of 15799828?
8
What is the tens digit of 1091672?
7
What is the units digit of 352608?
8
What is the units digit of 144532?
2
What is the hundred thousands digit of 1029110?
0
What is the hundreds digit of 31275927?
9
What is the hundreds digit of 648208?
2
What is the ten thousands digit of 156412?
5
What is the thousands digit of 1932229?
2
What is the hundreds digit of 4262282?
2
What is the hundred thousands digit of 541444?
5
What is the units digit of 969634?
4
What is the hundred thousands digit of 2006228?
0
What is the ten millions digit of 10860391?
1
What is the units digit of 8305109?
9
What is the ten thousands digit of 286101?
8
What is the tens digit of 222370?
7
What is the millions digit of 1891924?
1
What is the thousands digit of 6111109?
1
What is the units digit of 160403?
3
What is the ten thousands digit of 1502924?
0
What is the hundred thousands digit of 5940427?
9
What is the hundred thousands digit of 1344293?
3
What is the thousands digit of 827129?
7
What is the tens digit of 157511?
1
What is the units digit of 6643792?
2
What is the millions digit of 1415199?
1
What is the millions digit of 2260893?
2
What is the hundreds digit of 1115046?
0
What is the tens digit of 234749?
4
What is the thousands digit of 133045?
3
What is the tens digit of 221866?
6
What is the ten thousands digit of 328391?
2
What is the hundreds digit of 18898017?
0
What is the units digit of 5902237?
7
What is the hundreds digit of 137249?
2
What is the hundred thousands digit of 368656?
3
What is the hundred thousands digit of 6149065?
1
What is the thousands digit of 38652?
8
What is the hundred thousands digit of 3315307?
3
What is the hundreds digit of 292227?
2
What is the thousands digit of 205412?
5
What is the hundred thousands digit of 6174417?
1
What is the thousands digit of 467248?
7
What is the millions digit of 2953611?
2
What is the thousands digit of 13776351?
6
What is the hundreds digit of 61353?
3
What is the hundred thousands digit of 14445095?
4
What is the tens digit of 35656965?
6
What is the ten thousands digit of 38546484?
4
What is the units digit of 3186777?
7
What is the millions digit of 5246937?
5
What is the units digit of 1018630?
0
What is the ten thousands digit of 1758289?
5
What is the thousands digit of 1627130?
7
What is the units digit of 109485?
5
What is the hundreds digit of 2811381?
3
What is the units digit of 73825?
5
What is the tens digit of 24314?
1
What is the ten thousands digit of 3350901?
5
What is the millions digit of 4693907?
4
What is the tens digit of 560076?
7
What is the millions digit of 8218159?
8
What is the thousands digit of 2739396?
9
What is the millions digit of 1457822?
1
What is the tens digit of 192922?
2
What is the ten thousands digit of 86429?
8
What is the ten thousands digit of 7883490?
8
What is the hundred thousands digit of 3250361?
2
What is the ten thousands digit of 112412?
1
What is the units digit of 7122783?
3
What is the